{"id":1102,"date":"2020-10-13T15:39:52","date_gmt":"2020-10-13T13:39:52","guid":{"rendered":"http:\/\/trans-tex.pl\/?page_id=1102"},"modified":"2020-10-14T09:07:41","modified_gmt":"2020-10-14T07:07:41","slug":"tkaniny-workowe","status":"publish","type":"page","link":"https:\/\/trans-tex.pl\/?page_id=1102","title":{"rendered":"Tkaniny workowe"},"content":{"rendered":"<p><img decoding=\"async\" class=\"textiles-two-section__icon\" style=\"margin: 30px 20px 10px 30px;\" src=\"https:\/\/trans-tex.pl\/wp-content\/uploads\/2020\/05\/noun-leggings-1018714-1.svg\" alt=\"tkaniny workowe\" \/><span style=\"font-size: 18px; font-weight: bold;\">Tkaniny workowe<\/span><\/p>\n<p style=\"margin: 30px 20px 10px 30px;\">Do tkanin produkowanych przez firm\u0119 Trans-Tex, a u\u017cywanych wy\u0142\u0105cznie w r\u00f3\u017cnego rodzaju ga\u0142\u0119ziach przemys\u0142u, nale\u017c\u0105 <strong>tkaniny workowe<\/strong> lub inaczej zwane workami filtracyjnymi. S\u0105 to materia\u0142y w kszta\u0142cie tuneli o r\u00f3\u017cnej \u015brednicy i d\u0142ugo\u015bci, kt\u00f3re s\u0142u\u017c\u0105 przede wszystkim do odprowadzania zanieczyszcze\u0144 powstaj\u0105cych podczas proces\u00f3w produkcyjnych.<\/p>\n<p style=\"margin: 30px 20px 10px 30px;\">Worki czy te\u017c tunele filtracyjne najcz\u0119\u015bciej wykorzystywane s\u0105 jako elementy r\u00f3\u017cnego rodzaju maszyn s\u0142u\u017c\u0105cych jako swoiste odkurzacze, kt\u00f3re maj\u0105 na celu odprowadzanie py\u0142\u00f3w, wi\u00f3r\u00f3w drewnianych, opi\u0142k\u00f3w metalu, a nawet truj\u0105cych opar\u00f3w. Zale\u017cnie od tego, jaki rodzaj zanieczyszcze\u0144 ma by\u0107 usuwany za pomoc\u0105 danej tkaniny workowej, do jej produkcji musz\u0105 by\u0107 u\u017cywane w\u0142\u00f3kna o odpowiednich w\u0142a\u015bciwo\u015bciach.<\/p>\n<h2 style=\"margin: 30px 20px 10px 30px;\"><strong>Tkaniny workowe \u2013 rodzaje, zastosowanie<\/strong><\/h2>\n<p style=\"margin: 30px 20px 10px 30px;\">Tkaninowe tunele filtracyjne mo\u017cemy podzieli\u0107 na trzy rodzaje:<\/p>\n<ul>\n<li>s\u0142u\u017c\u0105ce do filtrowania cieczy i p\u0142yn\u00f3w \u2013 w tym przypadku sk\u0142ad i gramatura tkaniny dobierane s\u0105 typowo do potrzeb danego klienta ze wzgl\u0119du na do\u015b\u0107 unikalny charakter tych tuneli. Najlepiej sprawdzaj\u0105 si\u0119 tutaj tkaniny polipropylenowe, poliestrowe czy te\u017c wiskozowe. Musz\u0105 one posiada\u0107 przede wszystkim wysok\u0105 odporno\u015b\u0107 na \u015bcieranie oraz na wysokie temperatury, je\u015bli takow\u0105 posiada filtrowana ciecz. G\u0142\u00f3wn\u0105 funkcj\u0105 tych tuneli jest wst\u0119pne przefiltrowanie danego p\u0142ynu z wi\u0119kszych zanieczyszcze\u0144 w postaci sta\u0142ej;<\/li>\n<li>s\u0142u\u017c\u0105ce do filtracji suchej \u2013 dzia\u0142aj\u0105ce jako swoiste odkurzacze, kt\u00f3rych zadaniem jest usuwanie r\u00f3\u017cnego rodzaju drobnych odpad\u00f3w poprodukcyjnych, g\u0142\u00f3wnie wi\u00f3r\u00f3w drewnianych i opi\u0142k\u00f3w metali. Te tunele produkujemy z tkanin polipropylenowych, poliestrowych, poliamidowych lub bawe\u0142nianych. G\u0142\u00f3wne cechy, jakimi musz\u0105 si\u0119 odznacza\u0107 tkaniny do usuwania drobnych odpad\u00f3w, to antystatyczno\u015b\u0107, bardzo wysoka odporno\u015b\u0107 na \u015bcieranie, odporno\u015b\u0107 na wysokie temperatury. Powinny tak\u017ce dawa\u0107 w miar\u0119 g\u0142adki przep\u0142yw. Tego typu tunele workowe s\u0105 najcz\u0119\u015bciej wykorzystywane w stolarniach do usuwania drewnianych wi\u00f3r\u00f3w, w zak\u0142adach obr\u00f3bki metali, np. przy obrabiarkach numerycznych, gdzie pozostawione drobne opi\u0142ki mog\u0105 mie\u0107 negatywny wp\u0142yw na proces produkcyjny;<\/li>\n<li>s\u0142u\u017c\u0105ce do odprowadzania szkodliwych opar\u00f3w i py\u0142\u00f3w \u2013 tutaj najcz\u0119\u015bciej stosowane s\u0105 tkaniny poliestrowe, polipropylenowe, poliakrylowe i bawe\u0142niane. Odznacza\u0107 si\u0119 musz\u0105 wysok\u0105 odporno\u015bci\u0105 chemiczn\u0105, termiczn\u0105, a nawet ognioodporno\u015bci\u0105, a przede wszystkim szczelno\u015bci\u0105, aby odprowadzane gazy nie przedostawa\u0142y si\u0119 do oczyszczanych pomieszcze\u0144. Stosowane s\u0105 wsz\u0119dzie tam, gdzie w trakcie proces\u00f3w produkcyjnych powstaje wysokie zapylenie lub truj\u0105ce opary, np. w lakierniach, zak\u0142adach chemicznych czy te\u017c m\u0142ynach zbo\u017cowych.<\/li>\n<\/ul>\n<p style=\"margin: 30px 20px 10px 30px;\">Stosowanie tuneli z tkanin workowych do oczyszczania jest znacznie ta\u0144sze ni\u017c u\u017cywanie tuneli z innych tworzyw, a dodatkowo w stanie spoczynku nie zajmuj\u0105 one zbyt du\u017co miejsca.<\/p>\n","protected":false},"excerpt":{"rendered":"<p>Tkaniny workowe Do tkanin produkowanych przez firm\u0119 Trans-Tex, a u\u017cywanych wy\u0142\u0105cznie w r\u00f3\u017cnego rodzaju ga\u0142\u0119ziach przemys\u0142u, nale\u017c\u0105 tkaniny workowe lub<\/p>\n<div><a class=\"read-more-blog-button\" href=\"https:\/\/trans-tex.pl\/?page_id=1102\"><span>Czytaj ca\u0142o\u015b\u0107 <img decoding=\"async\" src=\"\/wp-content\/uploads\/2020\/05\/path-copy-2.svg\"><\/span><\/a><\/div>\n","protected":false},"author":1,"featured_media":0,"parent":0,"menu_order":0,"comment_status":"closed","ping_status":"closed","template":"","meta":{"footnotes":""},"yoast_head":"<!-- This site is optimized with the Yoast SEO plugin v18.6 - https:\/\/yoast.com\/wordpress\/plugins\/seo\/ -->\n<title>Tkaniny workowe - Trans-Tex Producent dzianin i tkanin<\/title>\n<meta name=\"description\" content=\"Trans-Tex - Producent dzianin i tkanin dla przemys\u0142u. W naszej ofercie \u2705 tkaniny workowe najwy\u017cszej jako\u015bci potwierdzone certyfikatami. Sprawd\u017a!\" \/>\n<meta name=\"robots\" content=\"index, follow, max-snippet:-1, max-image-preview:large, max-video-preview:-1\" \/>\n<link rel=\"canonical\" href=\"https:\/\/trans-tex.pl\/?page_id=1102\" \/>\n<meta property=\"og:locale\" content=\"pl_PL\" \/>\n<meta property=\"og:type\" content=\"article\" \/>\n<meta property=\"og:title\" content=\"Tkaniny workowe - Trans-Tex Producent dzianin i tkanin\" \/>\n<meta property=\"og:description\" content=\"Trans-Tex - Producent dzianin i tkanin dla przemys\u0142u. W naszej ofercie \u2705 tkaniny workowe najwy\u017cszej jako\u015bci potwierdzone certyfikatami. Sprawd\u017a!\" \/>\n<meta property=\"og:url\" content=\"https:\/\/trans-tex.pl\/?page_id=1102\" \/>\n<meta property=\"og:site_name\" content=\"Trans-Tex Producent dzianin i tkanin\" \/>\n<meta property=\"article:modified_time\" content=\"2020-10-14T07:07:41+00:00\" \/>\n<meta property=\"og:image\" content=\"https:\/\/trans-tex.pl\/wp-content\/uploads\/2020\/05\/noun-leggings-1018714-1.svg\" \/>\n<meta name=\"twitter:card\" content=\"summary_large_image\" \/>\n<meta name=\"twitter:label1\" content=\"Szacowany czas czytania\" \/>\n\t<meta name=\"twitter:data1\" content=\"2 minuty\" \/>\n<script type=\"application\/ld+json\" class=\"yoast-schema-graph\">{\"@context\":\"https:\/\/schema.org\",\"@graph\":[{\"@type\":\"WebSite\",\"@id\":\"https:\/\/trans-tex.pl\/#website\",\"url\":\"https:\/\/trans-tex.pl\/\",\"name\":\"Trans-Tex Producent dzianin i tkanin\",\"description\":\"\",\"potentialAction\":[{\"@type\":\"SearchAction\",\"target\":{\"@type\":\"EntryPoint\",\"urlTemplate\":\"https:\/\/trans-tex.pl\/?s={search_term_string}\"},\"query-input\":\"required name=search_term_string\"}],\"inLanguage\":\"pl-PL\"},{\"@type\":\"ImageObject\",\"@id\":\"https:\/\/trans-tex.pl\/?page_id=1102#primaryimage\",\"inLanguage\":\"pl-PL\",\"url\":\"https:\/\/trans-tex.pl\/wp-content\/uploads\/2020\/05\/noun-leggings-1018714-1.svg\",\"contentUrl\":\"https:\/\/trans-tex.pl\/wp-content\/uploads\/2020\/05\/noun-leggings-1018714-1.svg\"},{\"@type\":\"WebPage\",\"@id\":\"https:\/\/trans-tex.pl\/?page_id=1102#webpage\",\"url\":\"https:\/\/trans-tex.pl\/?page_id=1102\",\"name\":\"Tkaniny workowe - Trans-Tex Producent dzianin i tkanin\",\"isPartOf\":{\"@id\":\"https:\/\/trans-tex.pl\/#website\"},\"primaryImageOfPage\":{\"@id\":\"https:\/\/trans-tex.pl\/?page_id=1102#primaryimage\"},\"datePublished\":\"2020-10-13T13:39:52+00:00\",\"dateModified\":\"2020-10-14T07:07:41+00:00\",\"description\":\"Trans-Tex - Producent dzianin i tkanin dla przemys\u0142u. W naszej ofercie \u2705 tkaniny workowe najwy\u017cszej jako\u015bci potwierdzone certyfikatami. Sprawd\u017a!\",\"breadcrumb\":{\"@id\":\"https:\/\/trans-tex.pl\/?page_id=1102#breadcrumb\"},\"inLanguage\":\"pl-PL\",\"potentialAction\":[{\"@type\":\"ReadAction\",\"target\":[\"https:\/\/trans-tex.pl\/?page_id=1102\"]}]},{\"@type\":\"BreadcrumbList\",\"@id\":\"https:\/\/trans-tex.pl\/?page_id=1102#breadcrumb\",\"itemListElement\":[{\"@type\":\"ListItem\",\"position\":1,\"name\":\"Strona g\u0142\u00f3wna\",\"item\":\"https:\/\/trans-tex.pl\/\"},{\"@type\":\"ListItem\",\"position\":2,\"name\":\"Tkaniny workowe\"}]}]}<\/script>\n<!-- \/ Yoast SEO plugin. -->","yoast_head_json":{"title":"Tkaniny workowe - Trans-Tex Producent dzianin i tkanin","description":"Trans-Tex - Producent dzianin i tkanin dla przemys\u0142u. W naszej ofercie \u2705 tkaniny workowe najwy\u017cszej jako\u015bci potwierdzone certyfikatami. Sprawd\u017a!","robots":{"index":"index","follow":"follow","max-snippet":"max-snippet:-1","max-image-preview":"max-image-preview:large","max-video-preview":"max-video-preview:-1"},"canonical":"https:\/\/trans-tex.pl\/?page_id=1102","og_locale":"pl_PL","og_type":"article","og_title":"Tkaniny workowe - Trans-Tex Producent dzianin i tkanin","og_description":"Trans-Tex - Producent dzianin i tkanin dla przemys\u0142u. W naszej ofercie \u2705 tkaniny workowe najwy\u017cszej jako\u015bci potwierdzone certyfikatami. Sprawd\u017a!","og_url":"https:\/\/trans-tex.pl\/?page_id=1102","og_site_name":"Trans-Tex Producent dzianin i tkanin","article_modified_time":"2020-10-14T07:07:41+00:00","og_image":[{"url":"https:\/\/trans-tex.pl\/wp-content\/uploads\/2020\/05\/noun-leggings-1018714-1.svg"}],"twitter_card":"summary_large_image","twitter_misc":{"Szacowany czas czytania":"2 minuty"},"schema":{"@context":"https:\/\/schema.org","@graph":[{"@type":"WebSite","@id":"https:\/\/trans-tex.pl\/#website","url":"https:\/\/trans-tex.pl\/","name":"Trans-Tex Producent dzianin i tkanin","description":"","potentialAction":[{"@type":"SearchAction","target":{"@type":"EntryPoint","urlTemplate":"https:\/\/trans-tex.pl\/?s={search_term_string}"},"query-input":"required name=search_term_string"}],"inLanguage":"pl-PL"},{"@type":"ImageObject","@id":"https:\/\/trans-tex.pl\/?page_id=1102#primaryimage","inLanguage":"pl-PL","url":"https:\/\/trans-tex.pl\/wp-content\/uploads\/2020\/05\/noun-leggings-1018714-1.svg","contentUrl":"https:\/\/trans-tex.pl\/wp-content\/uploads\/2020\/05\/noun-leggings-1018714-1.svg"},{"@type":"WebPage","@id":"https:\/\/trans-tex.pl\/?page_id=1102#webpage","url":"https:\/\/trans-tex.pl\/?page_id=1102","name":"Tkaniny workowe - Trans-Tex Producent dzianin i tkanin","isPartOf":{"@id":"https:\/\/trans-tex.pl\/#website"},"primaryImageOfPage":{"@id":"https:\/\/trans-tex.pl\/?page_id=1102#primaryimage"},"datePublished":"2020-10-13T13:39:52+00:00","dateModified":"2020-10-14T07:07:41+00:00","description":"Trans-Tex - Producent dzianin i tkanin dla przemys\u0142u. W naszej ofercie \u2705 tkaniny workowe najwy\u017cszej jako\u015bci potwierdzone certyfikatami. Sprawd\u017a!","breadcrumb":{"@id":"https:\/\/trans-tex.pl\/?page_id=1102#breadcrumb"},"inLanguage":"pl-PL","potentialAction":[{"@type":"ReadAction","target":["https:\/\/trans-tex.pl\/?page_id=1102"]}]},{"@type":"BreadcrumbList","@id":"https:\/\/trans-tex.pl\/?page_id=1102#breadcrumb","itemListElement":[{"@type":"ListItem","position":1,"name":"Strona g\u0142\u00f3wna","item":"https:\/\/trans-tex.pl\/"},{"@type":"ListItem","position":2,"name":"Tkaniny workowe"}]}]}},"_links":{"self":[{"href":"https:\/\/trans-tex.pl\/index.php?rest_route=\/wp\/v2\/pages\/1102"}],"collection":[{"href":"https:\/\/trans-tex.pl\/index.php?rest_route=\/wp\/v2\/pages"}],"about":[{"href":"https:\/\/trans-tex.pl\/index.php?rest_route=\/wp\/v2\/types\/page"}],"author":[{"embeddable":true,"href":"https:\/\/trans-tex.pl\/index.php?rest_route=\/wp\/v2\/users\/1"}],"replies":[{"embeddable":true,"href":"https:\/\/trans-tex.pl\/index.php?rest_route=%2Fwp%2Fv2%2Fcomments&post=1102"}],"version-history":[{"count":2,"href":"https:\/\/trans-tex.pl\/index.php?rest_route=\/wp\/v2\/pages\/1102\/revisions"}],"predecessor-version":[{"id":1112,"href":"https:\/\/trans-tex.pl\/index.php?rest_route=\/wp\/v2\/pages\/1102\/revisions\/1112"}],"wp:attachment":[{"href":"https:\/\/trans-tex.pl\/index.php?rest_route=%2Fwp%2Fv2%2Fmedia&parent=1102"}],"curies":[{"name":"wp","href":"https:\/\/api.w.org\/{rel}","templated":true}]}}