{"id":1098,"date":"2020-10-13T15:34:42","date_gmt":"2020-10-13T13:34:42","guid":{"rendered":"http:\/\/trans-tex.pl\/?page_id=1098"},"modified":"2020-11-27T09:13:10","modified_gmt":"2020-11-27T08:13:10","slug":"tkaniny-obiciowe","status":"publish","type":"page","link":"https:\/\/trans-tex.pl\/?page_id=1098","title":{"rendered":"Tkaniny obiciowe"},"content":{"rendered":"<p><img decoding=\"async\" class=\"textiles-two-section__icon\" style=\"margin: 30px 20px 10px 30px;\" src=\"https:\/\/trans-tex.pl\/wp-content\/uploads\/2020\/05\/noun-furniture-1047926-1.svg\" alt=\"tkaniny obiciowe\" \/><span style=\"font-size: 18px; font-weight: bold;\">Tkaniny obiciowe<\/span><\/p>\n<p style=\"margin: 30px 20px 10px 30px;\">Ka\u017cda tkanina i dzianina produkowana jest z my\u015bl\u0105 o okre\u015blonym zastosowaniu. Zatem na etapie projektowania, przygotowywania, wyboru okre\u015blonych w\u0142\u00f3kien, dobrze jest wiedzie\u0107, do czego b\u0119dzie ona wykorzystywana, dzi\u0119ki czemu mo\u017cna nada\u0107 jej odpowiednie w\u0142a\u015bciwo\u015bci. Zw\u0142aszcza <strong>tkaniny obiciowe<\/strong>, kt\u00f3re zale\u017cnie od tego, gdzie b\u0119d\u0105 u\u017cywane (na zewn\u0105trz, w domu, w firmie), musz\u0105 posiada\u0107 cechy, kt\u00f3re nadaje si\u0119 typowo pod konkretne warunki u\u017cytkowania.<\/p>\n<p style=\"margin: 30px 20px 10px 30px;\"><strong>Tkaniny obiciowe<\/strong> nale\u017c\u0105 do gatunku materia\u0142\u00f3w, kt\u00f3re s\u0105 intensywnie eksploatowane i poddawane r\u00f3\u017cnego rodzaju wyzwaniom podczas ich u\u017cytkowania, zw\u0142aszcza, je\u015bli s\u0105 na meblach, kt\u00f3re znajduj\u0105 si\u0119 w przestrzeni publicznej, przez kt\u00f3r\u0105 przewijaj\u0105 si\u0119 codziennie setki os\u00f3b. Do takich miejsc nale\u017c\u0105 \u015brodki transportu publicznego (tramwaje, poci\u0105gi, autobusy), kina, restauracje itp. Kiedy\u015b stosowa\u0142o si\u0119 siedzenia tapicerowane ekosk\u00f3r\u0105, kt\u00f3ra jest niezwykle \u0142atwa w czyszczeniu, ale ma\u0142o komfortowa przy d\u0142u\u017cszym siedzeniu. Obecnie do dyspozycji mamy ca\u0142y arsena\u0142 r\u00f3\u017cnorodnych tkanin przyjemnych i wygodnych w u\u017cytkowaniu, a dzi\u0119ki odpowiedniej obr\u00f3bce s\u0105 r\u00f3wnie higieniczne jak ekosk\u00f3ra i znacznie od niej wytrzymalsze.<\/p>\n<h2 style=\"margin: 30px 20px 10px 30px;\"><strong>Rodzaje i w\u0142a\u015bciwo\u015bci tkanin tapicerskich<\/strong><\/h2>\n<p style=\"margin: 30px 20px 10px 30px;\">Zale\u017cnie od przeznaczenia tapicerka powinna posiada\u0107 odpowiednie w\u0142a\u015bciwo\u015bci, a jakie w\u0142a\u015bciwo\u015bci mo\u017cemy nadawa\u0107 naszym materia\u0142om w firmie Trans-Tex? Do tych podstawowych nale\u017c\u0105 przede wszystkim: odporno\u015b\u0107 na rozci\u0105ganie, przecieranie oraz mechacenie (antypilling). Dodatkowe cechy, jakie mog\u0105 zosta\u0107 nadane tkaninom obiciowym, to: antybakteryjne, antygrzbiczne, antypo\u015blizgowe oraz zwi\u0119kszenie odporno\u015bci na zabrudzenia i ograniczenia wch\u0142aniania cieczy, a tak\u017ce zwi\u0119kszona odporno\u015b\u0107 na blakni\u0119cie pod wp\u0142ywem dzia\u0142ania promieni UV, czy te\u017c nadanie w\u0142a\u015bciwo\u015bci antypalnych.<\/p>\n<p style=\"margin: 30px 20px 10px 30px;\">Produkujemy <strong>tkaniny obiciowe<\/strong> ze skr\u0119canych prz\u0119dz bawe\u0142nianych, z dodatkiem w\u0142\u00f3kien syntetycznych b\u0105d\u017a ca\u0142kowicie z w\u0142\u00f3kien syntetycznych. Mog\u0105 to by\u0107 plecionki (jednobarwne, wzorzyste, tweedowe), kt\u00f3re posiadaj\u0105 widoczny splot, nadaj\u0105cy tkaninie charakter p\u0142\u00f3tna. Du\u017c\u0105 popularno\u015bci\u0105 ciesz\u0105 si\u0119 r\u00f3wnie\u017c welury i velvety, kt\u00f3re dzi\u0119ki delikatnemu w\u0142oskowi s\u0105 przyjemne w u\u017cytkowaniu. Dodatkowo ka\u017cd\u0105 z tkanin obiciowych mo\u017ce zosta\u0107 wyprodukowana r\u00f3wnie\u017c w wersji pikowanej, kt\u00f3ra znacznie urozmaici wygl\u0105d ka\u017cdego mebla.<\/p>\n<p style=\"margin: 30px 20px 10px 30px;\">T\u0119 sam\u0105 tkanin\u0119 obiciow\u0105 mo\u017cemy produkowa\u0107 dla Pa\u0144stwa w dw\u00f3ch opcjach \u2013 w\u0142a\u015bnie jako materia\u0142 obiciowy ze wszystkimi potrzebnymi w\u0142a\u015bciwo\u015bciami oraz identyczn\u0105 wersj\u0119 bez dodatkowych opcji, z kt\u00f3rych szyte b\u0119d\u0105 pasuj\u0105ce dodatki, takie jak zas\u0142ony, czy poduszki.<\/p>\n","protected":false},"excerpt":{"rendered":"<p>Tkaniny obiciowe Ka\u017cda tkanina i dzianina produkowana jest z my\u015bl\u0105 o okre\u015blonym zastosowaniu. Zatem na etapie projektowania, przygotowywania, wyboru okre\u015blonych<\/p>\n<div><a class=\"read-more-blog-button\" href=\"https:\/\/trans-tex.pl\/?page_id=1098\"><span>Czytaj ca\u0142o\u015b\u0107 <img decoding=\"async\" src=\"\/wp-content\/uploads\/2020\/05\/path-copy-2.svg\"><\/span><\/a><\/div>\n","protected":false},"author":1,"featured_media":0,"parent":0,"menu_order":0,"comment_status":"closed","ping_status":"closed","template":"","meta":{"footnotes":""},"yoast_head":"<!-- This site is optimized with the Yoast SEO plugin v18.6 - https:\/\/yoast.com\/wordpress\/plugins\/seo\/ -->\n<title>Tkaniny obiciowe - Dzianiny obiciowe - Trans-Tex<\/title>\n<meta name=\"description\" content=\"Trans-Tex - Producent dzianin i tkanin dla przemys\u0142u. W naszej ofercie \u2705 tkaniny obiciowe najwy\u017cszej jako\u015bci potwierdzone certyfikatami. Sprawd\u017a!\" \/>\n<meta name=\"robots\" content=\"index, follow, max-snippet:-1, max-image-preview:large, max-video-preview:-1\" \/>\n<link rel=\"canonical\" href=\"https:\/\/trans-tex.pl\/?page_id=1098\" \/>\n<meta property=\"og:locale\" content=\"pl_PL\" \/>\n<meta property=\"og:type\" content=\"article\" \/>\n<meta property=\"og:title\" content=\"Tkaniny obiciowe - Dzianiny obiciowe - Trans-Tex\" \/>\n<meta property=\"og:description\" content=\"Trans-Tex - Producent dzianin i tkanin dla przemys\u0142u. W naszej ofercie \u2705 tkaniny obiciowe najwy\u017cszej jako\u015bci potwierdzone certyfikatami. Sprawd\u017a!\" \/>\n<meta property=\"og:url\" content=\"https:\/\/trans-tex.pl\/?page_id=1098\" \/>\n<meta property=\"og:site_name\" content=\"Trans-Tex Producent dzianin i tkanin\" \/>\n<meta property=\"article:modified_time\" content=\"2020-11-27T08:13:10+00:00\" \/>\n<meta property=\"og:image\" content=\"https:\/\/trans-tex.pl\/wp-content\/uploads\/2020\/05\/noun-furniture-1047926-1.svg\" \/>\n<meta name=\"twitter:card\" content=\"summary_large_image\" \/>\n<meta name=\"twitter:label1\" content=\"Szacowany czas czytania\" \/>\n\t<meta name=\"twitter:data1\" content=\"2 minuty\" \/>\n<script type=\"application\/ld+json\" class=\"yoast-schema-graph\">{\"@context\":\"https:\/\/schema.org\",\"@graph\":[{\"@type\":\"WebSite\",\"@id\":\"https:\/\/trans-tex.pl\/#website\",\"url\":\"https:\/\/trans-tex.pl\/\",\"name\":\"Trans-Tex Producent dzianin i tkanin\",\"description\":\"\",\"potentialAction\":[{\"@type\":\"SearchAction\",\"target\":{\"@type\":\"EntryPoint\",\"urlTemplate\":\"https:\/\/trans-tex.pl\/?s={search_term_string}\"},\"query-input\":\"required name=search_term_string\"}],\"inLanguage\":\"pl-PL\"},{\"@type\":\"ImageObject\",\"@id\":\"https:\/\/trans-tex.pl\/?page_id=1098#primaryimage\",\"inLanguage\":\"pl-PL\",\"url\":\"https:\/\/trans-tex.pl\/wp-content\/uploads\/2020\/05\/noun-furniture-1047926-1.svg\",\"contentUrl\":\"https:\/\/trans-tex.pl\/wp-content\/uploads\/2020\/05\/noun-furniture-1047926-1.svg\"},{\"@type\":\"WebPage\",\"@id\":\"https:\/\/trans-tex.pl\/?page_id=1098#webpage\",\"url\":\"https:\/\/trans-tex.pl\/?page_id=1098\",\"name\":\"Tkaniny obiciowe - Dzianiny obiciowe - Trans-Tex\",\"isPartOf\":{\"@id\":\"https:\/\/trans-tex.pl\/#website\"},\"primaryImageOfPage\":{\"@id\":\"https:\/\/trans-tex.pl\/?page_id=1098#primaryimage\"},\"datePublished\":\"2020-10-13T13:34:42+00:00\",\"dateModified\":\"2020-11-27T08:13:10+00:00\",\"description\":\"Trans-Tex - Producent dzianin i tkanin dla przemys\u0142u. W naszej ofercie \u2705 tkaniny obiciowe najwy\u017cszej jako\u015bci potwierdzone certyfikatami. Sprawd\u017a!\",\"breadcrumb\":{\"@id\":\"https:\/\/trans-tex.pl\/?page_id=1098#breadcrumb\"},\"inLanguage\":\"pl-PL\",\"potentialAction\":[{\"@type\":\"ReadAction\",\"target\":[\"https:\/\/trans-tex.pl\/?page_id=1098\"]}]},{\"@type\":\"BreadcrumbList\",\"@id\":\"https:\/\/trans-tex.pl\/?page_id=1098#breadcrumb\",\"itemListElement\":[{\"@type\":\"ListItem\",\"position\":1,\"name\":\"Strona g\u0142\u00f3wna\",\"item\":\"https:\/\/trans-tex.pl\/\"},{\"@type\":\"ListItem\",\"position\":2,\"name\":\"Tkaniny obiciowe\"}]}]}<\/script>\n<!-- \/ Yoast SEO plugin. -->","yoast_head_json":{"title":"Tkaniny obiciowe - Dzianiny obiciowe - Trans-Tex","description":"Trans-Tex - Producent dzianin i tkanin dla przemys\u0142u. W naszej ofercie \u2705 tkaniny obiciowe najwy\u017cszej jako\u015bci potwierdzone certyfikatami. Sprawd\u017a!","robots":{"index":"index","follow":"follow","max-snippet":"max-snippet:-1","max-image-preview":"max-image-preview:large","max-video-preview":"max-video-preview:-1"},"canonical":"https:\/\/trans-tex.pl\/?page_id=1098","og_locale":"pl_PL","og_type":"article","og_title":"Tkaniny obiciowe - Dzianiny obiciowe - Trans-Tex","og_description":"Trans-Tex - Producent dzianin i tkanin dla przemys\u0142u. W naszej ofercie \u2705 tkaniny obiciowe najwy\u017cszej jako\u015bci potwierdzone certyfikatami. Sprawd\u017a!","og_url":"https:\/\/trans-tex.pl\/?page_id=1098","og_site_name":"Trans-Tex Producent dzianin i tkanin","article_modified_time":"2020-11-27T08:13:10+00:00","og_image":[{"url":"https:\/\/trans-tex.pl\/wp-content\/uploads\/2020\/05\/noun-furniture-1047926-1.svg"}],"twitter_card":"summary_large_image","twitter_misc":{"Szacowany czas czytania":"2 minuty"},"schema":{"@context":"https:\/\/schema.org","@graph":[{"@type":"WebSite","@id":"https:\/\/trans-tex.pl\/#website","url":"https:\/\/trans-tex.pl\/","name":"Trans-Tex Producent dzianin i tkanin","description":"","potentialAction":[{"@type":"SearchAction","target":{"@type":"EntryPoint","urlTemplate":"https:\/\/trans-tex.pl\/?s={search_term_string}"},"query-input":"required name=search_term_string"}],"inLanguage":"pl-PL"},{"@type":"ImageObject","@id":"https:\/\/trans-tex.pl\/?page_id=1098#primaryimage","inLanguage":"pl-PL","url":"https:\/\/trans-tex.pl\/wp-content\/uploads\/2020\/05\/noun-furniture-1047926-1.svg","contentUrl":"https:\/\/trans-tex.pl\/wp-content\/uploads\/2020\/05\/noun-furniture-1047926-1.svg"},{"@type":"WebPage","@id":"https:\/\/trans-tex.pl\/?page_id=1098#webpage","url":"https:\/\/trans-tex.pl\/?page_id=1098","name":"Tkaniny obiciowe - Dzianiny obiciowe - Trans-Tex","isPartOf":{"@id":"https:\/\/trans-tex.pl\/#website"},"primaryImageOfPage":{"@id":"https:\/\/trans-tex.pl\/?page_id=1098#primaryimage"},"datePublished":"2020-10-13T13:34:42+00:00","dateModified":"2020-11-27T08:13:10+00:00","description":"Trans-Tex - Producent dzianin i tkanin dla przemys\u0142u. W naszej ofercie \u2705 tkaniny obiciowe najwy\u017cszej jako\u015bci potwierdzone certyfikatami. Sprawd\u017a!","breadcrumb":{"@id":"https:\/\/trans-tex.pl\/?page_id=1098#breadcrumb"},"inLanguage":"pl-PL","potentialAction":[{"@type":"ReadAction","target":["https:\/\/trans-tex.pl\/?page_id=1098"]}]},{"@type":"BreadcrumbList","@id":"https:\/\/trans-tex.pl\/?page_id=1098#breadcrumb","itemListElement":[{"@type":"ListItem","position":1,"name":"Strona g\u0142\u00f3wna","item":"https:\/\/trans-tex.pl\/"},{"@type":"ListItem","position":2,"name":"Tkaniny obiciowe"}]}]}},"_links":{"self":[{"href":"https:\/\/trans-tex.pl\/index.php?rest_route=\/wp\/v2\/pages\/1098"}],"collection":[{"href":"https:\/\/trans-tex.pl\/index.php?rest_route=\/wp\/v2\/pages"}],"about":[{"href":"https:\/\/trans-tex.pl\/index.php?rest_route=\/wp\/v2\/types\/page"}],"author":[{"embeddable":true,"href":"https:\/\/trans-tex.pl\/index.php?rest_route=\/wp\/v2\/users\/1"}],"replies":[{"embeddable":true,"href":"https:\/\/trans-tex.pl\/index.php?rest_route=%2Fwp%2Fv2%2Fcomments&post=1098"}],"version-history":[{"count":2,"href":"https:\/\/trans-tex.pl\/index.php?rest_route=\/wp\/v2\/pages\/1098\/revisions"}],"predecessor-version":[{"id":1114,"href":"https:\/\/trans-tex.pl\/index.php?rest_route=\/wp\/v2\/pages\/1098\/revisions\/1114"}],"wp:attachment":[{"href":"https:\/\/trans-tex.pl\/index.php?rest_route=%2Fwp%2Fv2%2Fmedia&parent=1098"}],"curies":[{"name":"wp","href":"https:\/\/api.w.org\/{rel}","templated":true}]}}