{"id":1065,"date":"2020-09-16T15:03:16","date_gmt":"2020-09-16T13:03:16","guid":{"rendered":"http:\/\/trans-tex.pl\/?page_id=1065"},"modified":"2020-10-14T09:17:43","modified_gmt":"2020-10-14T07:17:43","slug":"dzianiny-drapane","status":"publish","type":"page","link":"https:\/\/trans-tex.pl\/?page_id=1065","title":{"rendered":"Dzianiny drapane"},"content":{"rendered":"<p><img decoding=\"async\" class=\"textiles-two-section__icon\" style=\"margin: 30px 20px 10px 30px;\" src=\"https:\/\/trans-tex.pl\/wp-content\/uploads\/2020\/05\/noun-leggings-1018714-1.svg\" alt=\"Dzianiny drapane\" \/><span style=\"font-size: 18px; font-weight: bold;\">Dzianiny drapane<\/span><\/p>\n<p style=\"margin-right: 30px; margin-left: 30px;\">Wszelkie <strong>dzianiny drapane<\/strong> i standardowe to od lat ciesz\u0105ce si\u0119 nies\u0142abn\u0105c\u0105 popularno\u015bci\u0105 praktyczne materia\u0142y. Dzianinowa odzie\u017c i bielizna s\u0105 podstaw\u0105 ubioru wielu os\u00f3b, daje niezwyk\u0142\u0105 swobod\u0119 ruch\u00f3w, jest bardzo wygodna w noszeniu i zale\u017cnie od sk\u0142adu, przyjemna w dotyku.<\/p>\n<p style=\"margin-right: 30px; margin-left: 30px;\"><strong>Dzianiny drapane<\/strong> na prawej stronie s\u0105 g\u0142adkie i cz\u0119sto pokryte r\u00f3\u017cnokolorowym wzorem, na lewej za\u015b posiadaj\u0105 przyjemny dla sk\u00f3ry meszek (baja dresowa). \u00d3w meszek tworzy swoist\u0105 warstw\u0119 izolacyjn\u0105 pomi\u0119dzy dzianin\u0105 w\u0142a\u015bciw\u0105 a cia\u0142em, daj\u0105c efekt komfortu cieplnego.<\/p>\n<p style=\"margin-right: 30px; margin-left: 30px;\">Zale\u017cnie od przeznaczenia dzianiny (np. na konkretn\u0105 por\u0119 roku) baja dresowa mo\u017ce by\u0107 bardziej lub mniej puszysta i zwarta, oferuj\u0105c odmienn\u0105 izolacj\u0119 termiczn\u0105. Gramatura dzianin drapanych przewa\u017cnie wynosi powy\u017cej <strong>250 g\/m<sup>2<\/sup><\/strong> i oczywi\u015bcie dopasowywana jest do potrzeb ka\u017cdego klienta. Dost\u0119pne w TRANS-TEX szeroko\u015bci dzianin wahaj\u0105 si\u0119 mi\u0119dzy<strong> 210 a 260 cm<\/strong>. Minimalna ilo\u015b\u0107 dla pojedynczego zam\u00f3wienia wynosi 100 m.<\/p>\n<p style=\"margin-right: 30px; margin-left: 30px;\">Barwienie oraz nanoszenie r\u00f3\u017cnorodnych wzor\u00f3w (r\u00f3wnie\u017c tych dostarczonych przez klienta) na dzianinach drapanych odbywa si\u0119 wy\u0142\u0105cznie na ich prawej stronie, lewa za\u015b pozostaje w kolorze bia\u0142ym b\u0105d\u017a kolorze podstawowym dzianiny. Warstwa drapana nie jest bowiem w stanie przyj\u0105\u0107 r\u00f3wnomiernie skomplikowanych wzor\u00f3w, a jedynie jednolit\u0105 barw\u0119.<\/p>\n<h2 style=\"margin-right: 30px; margin-left: 30px;\">Dla przemys\u0142u i cha\u0142upnictwa<\/h2>\n<p style=\"margin-right: 30px; margin-left: 30px;\"><strong>Dzianiny drapane<\/strong> ze wzgl\u0119du na swoj\u0105 funkcjonalno\u015b\u0107 s\u0105 bardzo ch\u0119tnie wykorzystywane do produkcji odzie\u017cy. S\u0105 r\u00f3wnie\u017c bardzo popularne we wszelkiego rodzaju sklepach z tkaninami. Dzi\u0119ki nowoczesnym maszynom do szycia domowego obr\u00f3bka dzianin przesta\u0142a by\u0107 problematyczna i sporo os\u00f3b w domowym zaciszu po\u015bwi\u0119ca si\u0119 szyciu odzie\u017cy na w\u0142asne potrzeby. Tym bardziej, \u017ce dzianiny drapane w wi\u0119kszo\u015bci oferowane s\u0105 w pi\u0119knych i kolorowych wzorach, odpowiednich dla ka\u017cdego wieku i p\u0142ci.<\/p>\n<p style=\"margin-right: 30px; margin-left: 30px;\">Polecamy r\u00f3wnie\u017c produkcj\u0119 bawe\u0142nianych i bawe\u0142niano-poliestrowych dzianin drapanych z przeznaczeniem na reklamow\u0105 odzie\u017c robocz\u0105, zw\u0142aszcza na ciep\u0142e bluzy z logo przedsi\u0119biorstwa, np. dla pracownik\u00f3w stacji benzynowych lub pracuj\u0105cych w terenie i reprezentuj\u0105cych firm\u0119 podczas kontakt\u00f3w z klientami. <strong>Produkt taki b\u0119dzie stanowi\u0107 nie tylko element ochronny ubioru, ale r\u00f3wnie\u017c reklam\u0119 dla danego przedsi\u0119biorstwa.<\/strong> Tego typu wyroby s\u0105 najch\u0119tniej u\u017cywane przez pracownik\u00f3w, zw\u0142aszcza je\u015bli wykonane s\u0105 z wysokiej jako\u015bci materia\u0142\u00f3w, co przek\u0142ada si\u0119 r\u00f3wnie\u017c na postrzeganie danej firmy przez klient\u00f3w i samych jej pracownik\u00f3w.<\/p>\n<p style=\"margin-right: 30px; margin-left: 30px;\"><strong>Dzianiny drapane<\/strong> mog\u0105 mie\u0107 w sk\u0142adzie r\u00f3\u017cnorodn\u0105 zawarto\u015b\u0107 bawe\u0142ny i poliestru, a tak\u017ce dodatek elastanu, gdy chcemy zwi\u0119kszy\u0107 ci\u0105gliwo\u015b\u0107 materia\u0142u. Im wi\u0119cej w\u0142\u00f3kna syntetycznego, tym bardziej puszyst\u0105 warstw\u0119 meszku mo\u017cna uzyska\u0107. <strong>Gotowe dzianiny nadaj\u0105 si\u0119 do produkcji wszelkiego rodzaju odzie\u017cy sportowej i codziennej (bluzy i spodnie dresowe, sukienki), akcesori\u00f3w odzie\u017cowych (czapki, kominy), a nawet kocyk\u00f3w, narzut czy te\u017c pos\u0142a\u0144 dla zwierz\u0105t domowych.<\/strong><\/p>\n","protected":false},"excerpt":{"rendered":"<p>Dzianiny drapane Wszelkie dzianiny drapane i standardowe to od lat ciesz\u0105ce si\u0119 nies\u0142abn\u0105c\u0105 popularno\u015bci\u0105 praktyczne materia\u0142y. Dzianinowa odzie\u017c i bielizna<\/p>\n<div><a class=\"read-more-blog-button\" href=\"https:\/\/trans-tex.pl\/?page_id=1065\"><span>Czytaj ca\u0142o\u015b\u0107 <img decoding=\"async\" src=\"\/wp-content\/uploads\/2020\/05\/path-copy-2.svg\"><\/span><\/a><\/div>\n","protected":false},"author":1,"featured_media":0,"parent":0,"menu_order":0,"comment_status":"closed","ping_status":"closed","template":"","meta":{"footnotes":""},"yoast_head":"<!-- This site is optimized with the Yoast SEO plugin v18.6 - https:\/\/yoast.com\/wordpress\/plugins\/seo\/ -->\n<title>Dzianiny drapane - Trans-Tex Producent dzianin i tkanin<\/title>\n<meta name=\"description\" content=\"Trans-Tex - Producent dzianin i tkanin dla przemys\u0142u. W naszej ofercie \u2705 dzianiny drapane najwy\u017cszej jako\u015bci potwierdzone certyfikatami. Sprawd\u017a!\" \/>\n<meta name=\"robots\" content=\"index, follow, max-snippet:-1, max-image-preview:large, max-video-preview:-1\" \/>\n<link rel=\"canonical\" href=\"https:\/\/trans-tex.pl\/?page_id=1065\" \/>\n<meta property=\"og:locale\" content=\"pl_PL\" \/>\n<meta property=\"og:type\" content=\"article\" \/>\n<meta property=\"og:title\" content=\"Dzianiny drapane - Trans-Tex Producent dzianin i tkanin\" \/>\n<meta property=\"og:description\" content=\"Trans-Tex - Producent dzianin i tkanin dla przemys\u0142u. W naszej ofercie \u2705 dzianiny drapane najwy\u017cszej jako\u015bci potwierdzone certyfikatami. Sprawd\u017a!\" \/>\n<meta property=\"og:url\" content=\"https:\/\/trans-tex.pl\/?page_id=1065\" \/>\n<meta property=\"og:site_name\" content=\"Trans-Tex Producent dzianin i tkanin\" \/>\n<meta property=\"article:modified_time\" content=\"2020-10-14T07:17:43+00:00\" \/>\n<meta property=\"og:image\" content=\"https:\/\/trans-tex.pl\/wp-content\/uploads\/2020\/05\/noun-leggings-1018714-1.svg\" \/>\n<meta name=\"twitter:card\" content=\"summary_large_image\" \/>\n<meta name=\"twitter:label1\" content=\"Szacowany czas czytania\" \/>\n\t<meta name=\"twitter:data1\" content=\"2 minuty\" \/>\n<script type=\"application\/ld+json\" class=\"yoast-schema-graph\">{\"@context\":\"https:\/\/schema.org\",\"@graph\":[{\"@type\":\"WebSite\",\"@id\":\"https:\/\/trans-tex.pl\/#website\",\"url\":\"https:\/\/trans-tex.pl\/\",\"name\":\"Trans-Tex Producent dzianin i tkanin\",\"description\":\"\",\"potentialAction\":[{\"@type\":\"SearchAction\",\"target\":{\"@type\":\"EntryPoint\",\"urlTemplate\":\"https:\/\/trans-tex.pl\/?s={search_term_string}\"},\"query-input\":\"required name=search_term_string\"}],\"inLanguage\":\"pl-PL\"},{\"@type\":\"ImageObject\",\"@id\":\"https:\/\/trans-tex.pl\/?page_id=1065#primaryimage\",\"inLanguage\":\"pl-PL\",\"url\":\"https:\/\/trans-tex.pl\/wp-content\/uploads\/2020\/05\/noun-leggings-1018714-1.svg\",\"contentUrl\":\"https:\/\/trans-tex.pl\/wp-content\/uploads\/2020\/05\/noun-leggings-1018714-1.svg\"},{\"@type\":\"WebPage\",\"@id\":\"https:\/\/trans-tex.pl\/?page_id=1065#webpage\",\"url\":\"https:\/\/trans-tex.pl\/?page_id=1065\",\"name\":\"Dzianiny drapane - Trans-Tex Producent dzianin i tkanin\",\"isPartOf\":{\"@id\":\"https:\/\/trans-tex.pl\/#website\"},\"primaryImageOfPage\":{\"@id\":\"https:\/\/trans-tex.pl\/?page_id=1065#primaryimage\"},\"datePublished\":\"2020-09-16T13:03:16+00:00\",\"dateModified\":\"2020-10-14T07:17:43+00:00\",\"description\":\"Trans-Tex - Producent dzianin i tkanin dla przemys\u0142u. W naszej ofercie \u2705 dzianiny drapane najwy\u017cszej jako\u015bci potwierdzone certyfikatami. Sprawd\u017a!\",\"breadcrumb\":{\"@id\":\"https:\/\/trans-tex.pl\/?page_id=1065#breadcrumb\"},\"inLanguage\":\"pl-PL\",\"potentialAction\":[{\"@type\":\"ReadAction\",\"target\":[\"https:\/\/trans-tex.pl\/?page_id=1065\"]}]},{\"@type\":\"BreadcrumbList\",\"@id\":\"https:\/\/trans-tex.pl\/?page_id=1065#breadcrumb\",\"itemListElement\":[{\"@type\":\"ListItem\",\"position\":1,\"name\":\"Strona g\u0142\u00f3wna\",\"item\":\"https:\/\/trans-tex.pl\/\"},{\"@type\":\"ListItem\",\"position\":2,\"name\":\"Dzianiny drapane\"}]}]}<\/script>\n<!-- \/ Yoast SEO plugin. -->","yoast_head_json":{"title":"Dzianiny drapane - Trans-Tex Producent dzianin i tkanin","description":"Trans-Tex - Producent dzianin i tkanin dla przemys\u0142u. W naszej ofercie \u2705 dzianiny drapane najwy\u017cszej jako\u015bci potwierdzone certyfikatami. Sprawd\u017a!","robots":{"index":"index","follow":"follow","max-snippet":"max-snippet:-1","max-image-preview":"max-image-preview:large","max-video-preview":"max-video-preview:-1"},"canonical":"https:\/\/trans-tex.pl\/?page_id=1065","og_locale":"pl_PL","og_type":"article","og_title":"Dzianiny drapane - Trans-Tex Producent dzianin i tkanin","og_description":"Trans-Tex - Producent dzianin i tkanin dla przemys\u0142u. W naszej ofercie \u2705 dzianiny drapane najwy\u017cszej jako\u015bci potwierdzone certyfikatami. Sprawd\u017a!","og_url":"https:\/\/trans-tex.pl\/?page_id=1065","og_site_name":"Trans-Tex Producent dzianin i tkanin","article_modified_time":"2020-10-14T07:17:43+00:00","og_image":[{"url":"https:\/\/trans-tex.pl\/wp-content\/uploads\/2020\/05\/noun-leggings-1018714-1.svg"}],"twitter_card":"summary_large_image","twitter_misc":{"Szacowany czas czytania":"2 minuty"},"schema":{"@context":"https:\/\/schema.org","@graph":[{"@type":"WebSite","@id":"https:\/\/trans-tex.pl\/#website","url":"https:\/\/trans-tex.pl\/","name":"Trans-Tex Producent dzianin i tkanin","description":"","potentialAction":[{"@type":"SearchAction","target":{"@type":"EntryPoint","urlTemplate":"https:\/\/trans-tex.pl\/?s={search_term_string}"},"query-input":"required name=search_term_string"}],"inLanguage":"pl-PL"},{"@type":"ImageObject","@id":"https:\/\/trans-tex.pl\/?page_id=1065#primaryimage","inLanguage":"pl-PL","url":"https:\/\/trans-tex.pl\/wp-content\/uploads\/2020\/05\/noun-leggings-1018714-1.svg","contentUrl":"https:\/\/trans-tex.pl\/wp-content\/uploads\/2020\/05\/noun-leggings-1018714-1.svg"},{"@type":"WebPage","@id":"https:\/\/trans-tex.pl\/?page_id=1065#webpage","url":"https:\/\/trans-tex.pl\/?page_id=1065","name":"Dzianiny drapane - Trans-Tex Producent dzianin i tkanin","isPartOf":{"@id":"https:\/\/trans-tex.pl\/#website"},"primaryImageOfPage":{"@id":"https:\/\/trans-tex.pl\/?page_id=1065#primaryimage"},"datePublished":"2020-09-16T13:03:16+00:00","dateModified":"2020-10-14T07:17:43+00:00","description":"Trans-Tex - Producent dzianin i tkanin dla przemys\u0142u. W naszej ofercie \u2705 dzianiny drapane najwy\u017cszej jako\u015bci potwierdzone certyfikatami. Sprawd\u017a!","breadcrumb":{"@id":"https:\/\/trans-tex.pl\/?page_id=1065#breadcrumb"},"inLanguage":"pl-PL","potentialAction":[{"@type":"ReadAction","target":["https:\/\/trans-tex.pl\/?page_id=1065"]}]},{"@type":"BreadcrumbList","@id":"https:\/\/trans-tex.pl\/?page_id=1065#breadcrumb","itemListElement":[{"@type":"ListItem","position":1,"name":"Strona g\u0142\u00f3wna","item":"https:\/\/trans-tex.pl\/"},{"@type":"ListItem","position":2,"name":"Dzianiny drapane"}]}]}},"_links":{"self":[{"href":"https:\/\/trans-tex.pl\/index.php?rest_route=\/wp\/v2\/pages\/1065"}],"collection":[{"href":"https:\/\/trans-tex.pl\/index.php?rest_route=\/wp\/v2\/pages"}],"about":[{"href":"https:\/\/trans-tex.pl\/index.php?rest_route=\/wp\/v2\/types\/page"}],"author":[{"embeddable":true,"href":"https:\/\/trans-tex.pl\/index.php?rest_route=\/wp\/v2\/users\/1"}],"replies":[{"embeddable":true,"href":"https:\/\/trans-tex.pl\/index.php?rest_route=%2Fwp%2Fv2%2Fcomments&post=1065"}],"version-history":[{"count":5,"href":"https:\/\/trans-tex.pl\/index.php?rest_route=\/wp\/v2\/pages\/1065\/revisions"}],"predecessor-version":[{"id":1115,"href":"https:\/\/trans-tex.pl\/index.php?rest_route=\/wp\/v2\/pages\/1065\/revisions\/1115"}],"wp:attachment":[{"href":"https:\/\/trans-tex.pl\/index.php?rest_route=%2Fwp%2Fv2%2Fmedia&parent=1065"}],"curies":[{"name":"wp","href":"https:\/\/api.w.org\/{rel}","templated":true}]}}